{"id":4179,"date":"2019-12-16T07:50:07","date_gmt":"2019-12-16T07:50:07","guid":{"rendered":"https:\/\/rosanna.gr\/?page_id=4179"},"modified":"2023-02-04T07:20:21","modified_gmt":"2023-02-04T07:20:21","slug":"villa-rosanna-2","status":"publish","type":"page","link":"https:\/\/rosanna.gr\/demo\/plataria-sivota\/de\/villa-rosanna-2\/","title":{"rendered":"Villa Rosanna"},"content":{"rendered":"<div id=\"skt-builder-image-text-block-31\" class=\"skt-builder-block-wrapper skt-builder-image-text-block skt-builder-image-text-block-31\" style=\"background-color: #ffffff; background-image: url(); padding-bottom: 0px; padding-top: 60px; \">\r\n\t<div class=\"skt-builder-block-inner skt-builder-block-inner-31\" style=\"\">\r\n\t\t<div class=\"skt-builder-container\">\r\n\t\t\t<div class=\"skt-builder-columns-row skt-builder-columns-row-2column\">\r\n\t\t\t\t\t<div class=\"skt-builder-column\">\r\n\t\t\t\t\t\t\t<div class=\"skt-builder-column-inner\"><img src=\"https:\/\/rosanna.gr\/wp-content\/uploads\/2019\/12\/VillaRosanna3.jpg\"><\/div>\r\n\t\t\t\t\t<\/div>\r\n\t\t\t\t\t<div class=\"skt-builder-column\">\r\n\t\t\t\t\t\t\t<div class=\"skt-builder-block-title\">\r\n\t\t\t\t\t\t\t\t<h2 style=\"color: #282828; text-align: left;\">Ferienwohnung und Studios Rosanna in Plataria<\/h2>\r\n\t\t\t\t\t\t\t<\/div>\r\n\t\t\t\t\t\t\t<div class=\"skt-builder-column-inner\"><p>&nbsp;Die Ferienwohnung und Studios Rosanna(foto)&nbsp;liegen ruhig und direkt am Meer in Plataria, Westgriechenland gegen\u00fcber der Insel Korfu, 12 km von Igoumenitsa (F\u00e4hre) entfernt. Plataria ist ein urspr\u00fcnglicher Fischerort mit vielen Restaurants, Cafes und guten Einkaufsm\u00f6glichkeiten.<\/p><p><br><\/p><p>Der Badestrand befindet sich direkt am Haus. Besonderheiten: SAT-TV(alle deutschsprachigen Kan\u00e4le), Waschmaschine Klimaanlage Endreinigung inklusive!!! Moskitonetze an Fenster und T\u00fcren Autoabstellplatz kleine Haustiere erlaubt. Internationale Presse im Ort erh\u00e4ltlich!<\/p><\/div>\r\n\t\t\t\t\t<\/div>\r\n\t\t\t<\/div>\r\n\t\t<\/div>\r\n\t<\/div>\r\n<\/div>\r\n<div id=\"skt-builder-image-text-block-93\" class=\"skt-builder-block-wrapper skt-builder-image-text-block skt-builder-image-text-block-93\" style=\"background-color: #ffffff; background-image: url(); padding-bottom: 0px; padding-top: 0px; \">\r\n\t<div class=\"skt-builder-block-inner skt-builder-block-inner-93\" style=\"\">\r\n\t\t<div class=\"skt-builder-container\">\r\n\t\t\t<div class=\"skt-builder-columns-row skt-builder-columns-row-2column\">\r\n\t\t\t\t\t<div class=\"skt-builder-column\">\r\n\t\t\t\t\t\t\t<div class=\"skt-builder-column-inner\"><p>Das Geb\u00e4ude befindet sich gleich an der Marine von Plataria. Es hat eine hervorragende Lage mit Hauptmerkmal die Ruhe. Es verf\u00fcgt \u00fcber einen grossen Hof, gestaltet in Ebenen mit Gr\u00fcn und vielen Blumen. Es hat einen unendlichen Ausblick auf das Meer (und den Berg), w\u00e4hrend der frische Wind eine angenehme Erg\u00e4nzung des Ortes ist. Besonders atemberaubend ist der Sonnenuntergang.<\/p><p><br><\/p><p>Das Geb\u00e4ude ist zweist\u00f6ckig. Im Erdgeschoss befindet sich ein 3-Zimmer Appartement und zwei 1-Zimmer Appartements. Im ersten Stock wohnen die Besitzer. Frau Rosanna ist in Deutschland aufgewachsen und hat dort studiert. Sie spricht ausgezeichnet Deutsch. Die S\u00f6hne von Rosanna, Nikos und Leonidas sprechen Englisch. Vom Haus aus bis zu den kleinen Sandstr\u00e4nden ist es nur eine Entfernung von 50 Metern. Ihr Boot konnen Sie in der Marine von Plataria kostenlos ankern.<\/p><\/div>\r\n\t\t\t\t\t<\/div>\r\n\t\t\t\t\t<div class=\"skt-builder-column\">\r\n\t\t\t\t\t\t\t<div class=\"skt-builder-column-inner\"><img src=\"https:\/\/rosanna.gr\/wp-content\/uploads\/2019\/12\/villa-rosanna-plataria09-1.jpg\"><\/div>\r\n\t\t\t\t\t<\/div>\r\n\t\t\t<\/div>\r\n\t\t<\/div>\r\n\t<\/div>\r\n<\/div>    <!-- sktbuilder starter --><script type=\"text\/javascript\" src=\"https:\/\/rosanna.gr\/demo\/plataria-sivota\/wp-content\/plugins\/skt-builder\/sktbuilder\/sktbuilder-frontend-starter.js\"><\/script><script type=\"text\/javascript\" src=\"https:\/\/rosanna.gr\/demo\/plataria-sivota\/wp-content\/plugins\/skt-builder\/sktbuilder-wordpress-driver.js\"><\/script><script type=\"text\/javascript\"> var starter = new SktbuilderStarter({\"mode\": \"prod\", \"skip\":[\"jquery\",\"underscore\",\"backbone\"],\"sktbuilderUrl\": \"https:\/\/rosanna.gr\/demo\/plataria-sivota\/wp-content\/plugins\/skt-builder\/sktbuilder\/\", \"driver\": new SktbuilderWordpressDriver({\"ajaxUrl\": \"https:\/\/rosanna.gr\/demo\/plataria-sivota\/wp-admin\/admin-ajax.php\", \"iframeUrl\": \"https:\/\/rosanna.gr\/demo\/plataria-sivota\/de\/villa-rosanna-2\/?sktbuilder=true\", \"pageId\": 4179, \"pages\": [{\"title\":\"Rosanna\",\"url\":\"https:\\\/\\\/rosanna.gr\\\/demo\\\/plataria-sivota\\\/wp-admin\\\/post.php?post=3744&action=sktbuilder\"},{\"title\":\"\\u0394\\u03b9\\u03b1\\u03bc\\u03ad\\u03c1\\u03b9\\u03c3\\u03bc\\u03b1-1 (6 \\u03b1\\u03c4\\u03cc\\u03bc\\u03c9\\u03bd)\",\"url\":\"https:\\\/\\\/rosanna.gr\\\/demo\\\/plataria-sivota\\\/wp-admin\\\/post.php?post=3753&action=sktbuilder\"},{\"title\":\"home\",\"url\":\"https:\\\/\\\/rosanna.gr\\\/demo\\\/plataria-sivota\\\/wp-admin\\\/post.php?post=3766&action=sktbuilder\"},{\"title\":\"Studio2\",\"url\":\"https:\\\/\\\/rosanna.gr\\\/demo\\\/plataria-sivota\\\/wp-admin\\\/post.php?post=3801&action=sktbuilder\"},{\"title\":\"Studio 1\",\"url\":\"https:\\\/\\\/rosanna.gr\\\/demo\\\/plataria-sivota\\\/wp-admin\\\/post.php?post=3876&action=sktbuilder\"}], \"page\": \"Villa Rosanna\" }) });<\/script><!-- end sktbuilder starter -->","protected":false},"excerpt":{"rendered":"<p>Ferienwohnung und Studios Rosanna in Plataria &nbsp;Die Ferienwohnung und Studios Rosanna(foto)&nbsp;liegen ruhig und direkt am [&hellip;]<\/p>\n","protected":false},"author":1,"featured_media":3763,"parent":0,"menu_order":0,"comment_status":"closed","ping_status":"closed","template":"","meta":[],"yoast_head":"<!-- This site is optimized with the Yoast SEO plugin v16.3 - https:\/\/yoast.com\/wordpress\/plugins\/seo\/ -->\n<title>Villa Rosanna - Ro<\/title>\n<meta name=\"robots\" content=\"index, follow, max-snippet:-1, max-image-preview:large, max-video-preview:-1\" \/>\n<link rel=\"canonical\" href=\"https:\/\/rosanna.gr\/demo\/plataria-sivota\/de\/villa-rosanna-2\/\" \/>\n<meta property=\"og:locale\" content=\"en_US\" \/>\n<meta property=\"og:type\" content=\"article\" \/>\n<meta property=\"og:title\" content=\"Villa Rosanna - Ro\" \/>\n<meta property=\"og:description\" content=\"Ferienwohnung und Studios Rosanna in Plataria &nbsp;Die Ferienwohnung und Studios Rosanna(foto)&nbsp;liegen ruhig und direkt am [&hellip;]\" \/>\n<meta property=\"og:url\" content=\"https:\/\/rosanna.gr\/demo\/plataria-sivota\/de\/villa-rosanna-2\/\" \/>\n<meta property=\"og:site_name\" content=\"Ro\" \/>\n<meta property=\"article:modified_time\" content=\"2023-02-04T07:20:21+00:00\" \/>\n<meta property=\"og:image\" content=\"https:\/\/rosanna.gr\/demo\/plataria-sivota\/wp-content\/uploads\/2019\/12\/limani.jpg\" \/>\n\t<meta property=\"og:image:width\" content=\"1400\" \/>\n\t<meta property=\"og:image:height\" content=\"739\" \/>\n<meta name=\"twitter:card\" content=\"summary_large_image\" \/>\n<meta name=\"twitter:label1\" content=\"Est. reading time\">\n\t<meta name=\"twitter:data1\" content=\"1 minute\">\n<script type=\"application\/ld+json\" class=\"yoast-schema-graph\">{\"@context\":\"https:\/\/schema.org\",\"@graph\":[{\"@type\":\"WebSite\",\"@id\":\"https:\/\/rosanna.gr\/demo\/plataria-sivota\/#website\",\"url\":\"https:\/\/rosanna.gr\/demo\/plataria-sivota\/\",\"name\":\"Ro\",\"description\":\"\",\"potentialAction\":[{\"@type\":\"SearchAction\",\"target\":\"https:\/\/rosanna.gr\/demo\/plataria-sivota\/?s={search_term_string}\",\"query-input\":\"required name=search_term_string\"}],\"inLanguage\":\"en-US\"},{\"@type\":\"ImageObject\",\"@id\":\"https:\/\/rosanna.gr\/demo\/plataria-sivota\/de\/villa-rosanna-2\/#primaryimage\",\"inLanguage\":\"en-US\",\"url\":\"https:\/\/rosanna.gr\/demo\/plataria-sivota\/wp-content\/uploads\/2019\/12\/limani.jpg\",\"contentUrl\":\"https:\/\/rosanna.gr\/demo\/plataria-sivota\/wp-content\/uploads\/2019\/12\/limani.jpg\",\"width\":1400,\"height\":739},{\"@type\":\"WebPage\",\"@id\":\"https:\/\/rosanna.gr\/demo\/plataria-sivota\/de\/villa-rosanna-2\/#webpage\",\"url\":\"https:\/\/rosanna.gr\/demo\/plataria-sivota\/de\/villa-rosanna-2\/\",\"name\":\"Villa Rosanna - Ro\",\"isPartOf\":{\"@id\":\"https:\/\/rosanna.gr\/demo\/plataria-sivota\/#website\"},\"primaryImageOfPage\":{\"@id\":\"https:\/\/rosanna.gr\/demo\/plataria-sivota\/de\/villa-rosanna-2\/#primaryimage\"},\"datePublished\":\"2019-12-16T07:50:07+00:00\",\"dateModified\":\"2023-02-04T07:20:21+00:00\",\"breadcrumb\":{\"@id\":\"https:\/\/rosanna.gr\/demo\/plataria-sivota\/de\/villa-rosanna-2\/#breadcrumb\"},\"inLanguage\":\"en-US\",\"potentialAction\":[{\"@type\":\"ReadAction\",\"target\":[\"https:\/\/rosanna.gr\/demo\/plataria-sivota\/de\/villa-rosanna-2\/\"]}]},{\"@type\":\"BreadcrumbList\",\"@id\":\"https:\/\/rosanna.gr\/demo\/plataria-sivota\/de\/villa-rosanna-2\/#breadcrumb\",\"itemListElement\":[{\"@type\":\"ListItem\",\"position\":1,\"item\":{\"@type\":\"WebPage\",\"@id\":\"https:\/\/rosanna.gr\/\/plataria-sivota\/\",\"url\":\"https:\/\/rosanna.gr\/\/plataria-sivota\/\",\"name\":\"Home\"}},{\"@type\":\"ListItem\",\"position\":2,\"item\":{\"@id\":\"https:\/\/rosanna.gr\/demo\/plataria-sivota\/de\/villa-rosanna-2\/#webpage\"}}]}]}<\/script>\n<!-- \/ Yoast SEO plugin. -->","rttpg_featured_image_url":{"full":["https:\/\/rosanna.gr\/demo\/plataria-sivota\/wp-content\/uploads\/2019\/12\/limani.jpg",1400,739,false],"landscape":["https:\/\/rosanna.gr\/demo\/plataria-sivota\/wp-content\/uploads\/2019\/12\/limani.jpg",1400,739,false],"portraits":["https:\/\/rosanna.gr\/demo\/plataria-sivota\/wp-content\/uploads\/2019\/12\/limani.jpg",1400,739,false],"thumbnail":["https:\/\/rosanna.gr\/demo\/plataria-sivota\/wp-content\/uploads\/2019\/12\/limani-150x150.jpg",150,150,true],"medium":["https:\/\/rosanna.gr\/demo\/plataria-sivota\/wp-content\/uploads\/2019\/12\/limani-340x179.jpg",340,179,true],"large":["https:\/\/rosanna.gr\/demo\/plataria-sivota\/wp-content\/uploads\/2019\/12\/limani-1024x541.jpg",640,338,true],"1536x1536":["https:\/\/rosanna.gr\/demo\/plataria-sivota\/wp-content\/uploads\/2019\/12\/limani.jpg",1400,739,false],"2048x2048":["https:\/\/rosanna.gr\/demo\/plataria-sivota\/wp-content\/uploads\/2019\/12\/limani.jpg",1400,739,false]},"rttpg_author":{"display_name":"Asjnx_shbh6Fds3","author_link":"https:\/\/rosanna.gr\/demo\/plataria-sivota\/author\/asjnx_shbh6fds3\/"},"rttpg_comment":0,"rttpg_category":" <a href=\"https:\/\/rosanna.gr\/demo\/plataria-sivota\/de\/\" rel=\"tag\">Deutsch<\/a>","rttpg_excerpt":"Ferienwohnung und Studios Rosanna in Plataria &nbsp;Die Ferienwohnung und Studios Rosanna(foto)&nbsp;liegen ruhig und direkt am [&hellip;]","_links":{"self":[{"href":"https:\/\/rosanna.gr\/demo\/plataria-sivota\/wp-json\/wp\/v2\/pages\/4179"}],"collection":[{"href":"https:\/\/rosanna.gr\/demo\/plataria-sivota\/wp-json\/wp\/v2\/pages"}],"about":[{"href":"https:\/\/rosanna.gr\/demo\/plataria-sivota\/wp-json\/wp\/v2\/types\/page"}],"author":[{"embeddable":true,"href":"https:\/\/rosanna.gr\/demo\/plataria-sivota\/wp-json\/wp\/v2\/users\/1"}],"replies":[{"embeddable":true,"href":"https:\/\/rosanna.gr\/demo\/plataria-sivota\/wp-json\/wp\/v2\/comments?post=4179"}],"version-history":[{"count":2,"href":"https:\/\/rosanna.gr\/demo\/plataria-sivota\/wp-json\/wp\/v2\/pages\/4179\/revisions"}],"predecessor-version":[{"id":4181,"href":"https:\/\/rosanna.gr\/demo\/plataria-sivota\/wp-json\/wp\/v2\/pages\/4179\/revisions\/4181"}],"wp:featuredmedia":[{"embeddable":true,"href":"https:\/\/rosanna.gr\/demo\/plataria-sivota\/wp-json\/wp\/v2\/media\/3763"}],"wp:attachment":[{"href":"https:\/\/rosanna.gr\/demo\/plataria-sivota\/wp-json\/wp\/v2\/media?parent=4179"}],"curies":[{"name":"wp","href":"https:\/\/api.w.org\/{rel}","templated":true}]}}